{"id":1868,"date":"2024-09-02T21:50:37","date_gmt":"2024-09-02T19:50:37","guid":{"rendered":"http:\/\/cosmoguada.es\/?page_id=1868"},"modified":"2024-09-02T21:50:38","modified_gmt":"2024-09-02T19:50:38","slug":"el-tiempo-en-saelices-de-la-sal","status":"publish","type":"page","link":"https:\/\/cosmoguada.es\/en\/el-tiempo-en-saelices-de-la-sal\/","title":{"rendered":"The weather in Saelices de la Sal"},"content":{"rendered":"<p>As most of our activities take place in Saelices de la Sal, we thought it would be useful to have this section where you can check the weather forecast for our municipality. We have decided on \u201cseeing\u201d, a parameter that we use for astronomical observations. It tells us the % of clouds that we are going to have and what phase the moon is in, among other things. <\/p>\n\n\n\n<p>Remember that we do not (yet) have the magic formula to decide that it will be clear on the day of our activity. We also remind you that these are &quot;forecasts&quot; and that it is not an exact science. If on the day of your activity, despite the forecasts, it is cloudy... really... we have not been able to do anything...<\/p>\n\n\n\n<iframe src=\"https:\/\/www.meteoblue.com\/es\/tiempo\/widget\/seeing\/saelices-de-la-sal_espa%c3%b1a_3111151?geoloc=fixed&#038;noground=0\"  frameborder=\"0\" scrolling=\"NO\" allowtransparency=\"true\" sandbox=\"allow-same-origin allow-scripts allow-popups allow-popups-to-escape-sandbox\" style=\"width: 520px; height: 768px\"><\/iframe><div><!-- DO NOT REMOVE THIS LINK --><a href=\"https:\/\/www.meteoblue.com\/es\/tiempo\/pronostico\/seeing\/saelices-de-la-sal_espa%c3%b1a_3111151?utm_source=seeing_widget&#038;utm_medium=linkus&#038;utm_content=seeing&#038;utm_campaign=Weather%2BWidget\" target=\"_blank\" rel=\"noopener\">meteoblue<\/a><\/div>","protected":false},"excerpt":{"rendered":"<p>Como la mayor\u00eda de nuestras actividades se celebran en Saelices de la Sal hemos pensado que te ser\u00eda de utilidad tener este bloque en el que consultar la previsi\u00f3n meteorol\u00f3gica en nuestro municipio. Nos hemos decidido por el \u00abseeing\u00bb (que traducido es \u00abviendo\u00bb), un par\u00e1metro que utilizamos para las observaciones astron\u00f3micas. Viene a decirnos el [&hellip;]<\/p>","protected":false},"author":1,"featured_media":0,"parent":0,"menu_order":0,"comment_status":"closed","ping_status":"closed","template":"","meta":{"_citadela_hide_page_title":"","_citadela_remove_header_space":"","_citadela_custom_class":"","_citadela_half_map_provider":"","_citadela_half_map_theme":"","_citadela_half_map_themeOSM":"","_citadela_half_map_customTheme":"","_citadela_half_map_dataType":"","_citadela_half_map_dynamicTrack":false,"_citadela_half_map_trackColor":"","_citadela_half_map_trackEndpointsColor":"","_citadela_half_map_filterCategory":"","_citadela_half_map_filterLocation":"","_citadela_half_map_filterFeatured":false,"_citadela_half_map_noDataBehavior":"empty-map","_citadela_half_map_noDataText":"","_citadela_half_map_clusterGridSize":80,"_citadela_header":false,"_citadela_header_over_content":false,"_citadela_header_text_color":"","_citadela_header_logo":[],"_citadela_header_bg_image":[],"_citadela_header_bg_position":[],"_citadela_header_bg_size":"","_citadela_header_bg_repeat":"","_citadela_header_bg_fixed":false,"_citadela_header_bg_color":"","_citadela_header_bg_image_overlay":"","_citadela_header_transparent_bg":false,"_citadela_content_width":"","_citadela_half_layout_position":"","footnotes":""},"class_list":["post-1868","page","type-page","status-publish","hentry"],"yoast_head":"<!-- This site is optimized with the Yoast SEO plugin v26.8 - https:\/\/yoast.com\/product\/yoast-seo-wordpress\/ -->\n<title>El Tiempo en Saelices de la Sal - CosmoGuada<\/title>\n<meta name=\"description\" content=\"Consulta la previsi\u00f3n meteorol\u00f3gica para tu actividad: el tiempo en Saelices de la Sal\" \/>\n<meta name=\"robots\" content=\"index, follow, max-snippet:-1, max-image-preview:large, max-video-preview:-1\" \/>\n<link rel=\"canonical\" href=\"https:\/\/cosmoguada.es\/en\/el-tiempo-en-saelices-de-la-sal\/\" \/>\n<meta property=\"og:locale\" content=\"en_GB\" \/>\n<meta property=\"og:type\" content=\"article\" \/>\n<meta property=\"og:title\" content=\"El Tiempo en Saelices de la Sal - CosmoGuada\" \/>\n<meta property=\"og:description\" content=\"Consulta la previsi\u00f3n meteorol\u00f3gica para tu actividad: el tiempo en Saelices de la Sal\" \/>\n<meta property=\"og:url\" content=\"https:\/\/cosmoguada.es\/en\/el-tiempo-en-saelices-de-la-sal\/\" \/>\n<meta property=\"og:site_name\" content=\"CosmoGuada\" \/>\n<meta property=\"article:publisher\" content=\"https:\/\/www.facebook.com\/CosmoGuada\/\" \/>\n<meta property=\"article:modified_time\" content=\"2024-09-02T19:50:38+00:00\" \/>\n<meta name=\"twitter:card\" content=\"summary_large_image\" \/>\n<meta name=\"twitter:label1\" content=\"Estimated reading time\" \/>\n\t<meta name=\"twitter:data1\" content=\"1 minute\" \/>\n<script type=\"application\/ld+json\" class=\"yoast-schema-graph\">{\"@context\":\"https:\/\/schema.org\",\"@graph\":[{\"@type\":\"WebPage\",\"@id\":\"https:\/\/cosmoguada.es\/en\/el-tiempo-en-saelices-de-la-sal\/\",\"url\":\"https:\/\/cosmoguada.es\/en\/el-tiempo-en-saelices-de-la-sal\/\",\"name\":\"El Tiempo en Saelices de la Sal - CosmoGuada\",\"isPartOf\":{\"@id\":\"https:\/\/cosmoguada.es\/#website\"},\"datePublished\":\"2024-09-02T19:50:37+00:00\",\"dateModified\":\"2024-09-02T19:50:38+00:00\",\"description\":\"Consulta la previsi\u00f3n meteorol\u00f3gica para tu actividad: el tiempo en Saelices de la Sal\",\"breadcrumb\":{\"@id\":\"https:\/\/cosmoguada.es\/en\/el-tiempo-en-saelices-de-la-sal\/#breadcrumb\"},\"inLanguage\":\"en-GB\",\"potentialAction\":[{\"@type\":\"ReadAction\",\"target\":[\"https:\/\/cosmoguada.es\/en\/el-tiempo-en-saelices-de-la-sal\/\"]}]},{\"@type\":\"BreadcrumbList\",\"@id\":\"https:\/\/cosmoguada.es\/en\/el-tiempo-en-saelices-de-la-sal\/#breadcrumb\",\"itemListElement\":[{\"@type\":\"ListItem\",\"position\":1,\"name\":\"Portada\",\"item\":\"https:\/\/cosmoguada.es\/\"},{\"@type\":\"ListItem\",\"position\":2,\"name\":\"El Tiempo en Saelices de la Sal\"}]},{\"@type\":\"WebSite\",\"@id\":\"https:\/\/cosmoguada.es\/#website\",\"url\":\"https:\/\/cosmoguada.es\/\",\"name\":\"CosmoGuada\",\"description\":\"Experiencias Astron\u00f3micas en Guadalajara\",\"publisher\":{\"@id\":\"https:\/\/cosmoguada.es\/#organization\"},\"potentialAction\":[{\"@type\":\"SearchAction\",\"target\":{\"@type\":\"EntryPoint\",\"urlTemplate\":\"https:\/\/cosmoguada.es\/?s={search_term_string}\"},\"query-input\":{\"@type\":\"PropertyValueSpecification\",\"valueRequired\":true,\"valueName\":\"search_term_string\"}}],\"inLanguage\":\"en-GB\"},{\"@type\":\"Organization\",\"@id\":\"https:\/\/cosmoguada.es\/#organization\",\"name\":\"CosmoGuada\",\"url\":\"https:\/\/cosmoguada.es\/\",\"logo\":{\"@type\":\"ImageObject\",\"inLanguage\":\"en-GB\",\"@id\":\"https:\/\/cosmoguada.es\/#\/schema\/logo\/image\/\",\"url\":\"https:\/\/cosmoguada.es\/wp-content\/uploads\/2023\/11\/logo-cosmoguada-120x120-1.png\",\"contentUrl\":\"https:\/\/cosmoguada.es\/wp-content\/uploads\/2023\/11\/logo-cosmoguada-120x120-1.png\",\"width\":120,\"height\":120,\"caption\":\"CosmoGuada\"},\"image\":{\"@id\":\"https:\/\/cosmoguada.es\/#\/schema\/logo\/image\/\"},\"sameAs\":[\"https:\/\/www.facebook.com\/CosmoGuada\/\",\"https:\/\/www.instagram.com\/cosmo.guada\/\"]}]}<\/script>\n<!-- \/ Yoast SEO plugin. -->","yoast_head_json":{"title":"El Tiempo en Saelices de la Sal - CosmoGuada","description":"Consulta la previsi\u00f3n meteorol\u00f3gica para tu actividad: el tiempo en Saelices de la Sal","robots":{"index":"index","follow":"follow","max-snippet":"max-snippet:-1","max-image-preview":"max-image-preview:large","max-video-preview":"max-video-preview:-1"},"canonical":"https:\/\/cosmoguada.es\/en\/el-tiempo-en-saelices-de-la-sal\/","og_locale":"en_GB","og_type":"article","og_title":"El Tiempo en Saelices de la Sal - CosmoGuada","og_description":"Consulta la previsi\u00f3n meteorol\u00f3gica para tu actividad: el tiempo en Saelices de la Sal","og_url":"https:\/\/cosmoguada.es\/en\/el-tiempo-en-saelices-de-la-sal\/","og_site_name":"CosmoGuada","article_publisher":"https:\/\/www.facebook.com\/CosmoGuada\/","article_modified_time":"2024-09-02T19:50:38+00:00","twitter_card":"summary_large_image","twitter_misc":{"Estimated reading time":"1 minute"},"schema":{"@context":"https:\/\/schema.org","@graph":[{"@type":"WebPage","@id":"https:\/\/cosmoguada.es\/en\/el-tiempo-en-saelices-de-la-sal\/","url":"https:\/\/cosmoguada.es\/en\/el-tiempo-en-saelices-de-la-sal\/","name":"El Tiempo en Saelices de la Sal - CosmoGuada","isPartOf":{"@id":"https:\/\/cosmoguada.es\/#website"},"datePublished":"2024-09-02T19:50:37+00:00","dateModified":"2024-09-02T19:50:38+00:00","description":"Consulta la previsi\u00f3n meteorol\u00f3gica para tu actividad: el tiempo en Saelices de la Sal","breadcrumb":{"@id":"https:\/\/cosmoguada.es\/en\/el-tiempo-en-saelices-de-la-sal\/#breadcrumb"},"inLanguage":"en-GB","potentialAction":[{"@type":"ReadAction","target":["https:\/\/cosmoguada.es\/en\/el-tiempo-en-saelices-de-la-sal\/"]}]},{"@type":"BreadcrumbList","@id":"https:\/\/cosmoguada.es\/en\/el-tiempo-en-saelices-de-la-sal\/#breadcrumb","itemListElement":[{"@type":"ListItem","position":1,"name":"Portada","item":"https:\/\/cosmoguada.es\/"},{"@type":"ListItem","position":2,"name":"El Tiempo en Saelices de la Sal"}]},{"@type":"WebSite","@id":"https:\/\/cosmoguada.es\/#website","url":"https:\/\/cosmoguada.es\/","name":"CosmoGuada","description":"Astronomical Experiences in Guadalajara","publisher":{"@id":"https:\/\/cosmoguada.es\/#organization"},"potentialAction":[{"@type":"SearchAction","target":{"@type":"EntryPoint","urlTemplate":"https:\/\/cosmoguada.es\/?s={search_term_string}"},"query-input":{"@type":"PropertyValueSpecification","valueRequired":true,"valueName":"search_term_string"}}],"inLanguage":"en-GB"},{"@type":"Organization","@id":"https:\/\/cosmoguada.es\/#organization","name":"CosmoGuada","url":"https:\/\/cosmoguada.es\/","logo":{"@type":"ImageObject","inLanguage":"en-GB","@id":"https:\/\/cosmoguada.es\/#\/schema\/logo\/image\/","url":"https:\/\/cosmoguada.es\/wp-content\/uploads\/2023\/11\/logo-cosmoguada-120x120-1.png","contentUrl":"https:\/\/cosmoguada.es\/wp-content\/uploads\/2023\/11\/logo-cosmoguada-120x120-1.png","width":120,"height":120,"caption":"CosmoGuada"},"image":{"@id":"https:\/\/cosmoguada.es\/#\/schema\/logo\/image\/"},"sameAs":["https:\/\/www.facebook.com\/CosmoGuada\/","https:\/\/www.instagram.com\/cosmo.guada\/"]}]}},"_links":{"self":[{"href":"https:\/\/cosmoguada.es\/en\/wp-json\/wp\/v2\/pages\/1868","targetHints":{"allow":["GET"]}}],"collection":[{"href":"https:\/\/cosmoguada.es\/en\/wp-json\/wp\/v2\/pages"}],"about":[{"href":"https:\/\/cosmoguada.es\/en\/wp-json\/wp\/v2\/types\/page"}],"author":[{"embeddable":true,"href":"https:\/\/cosmoguada.es\/en\/wp-json\/wp\/v2\/users\/1"}],"replies":[{"embeddable":true,"href":"https:\/\/cosmoguada.es\/en\/wp-json\/wp\/v2\/comments?post=1868"}],"version-history":[{"count":1,"href":"https:\/\/cosmoguada.es\/en\/wp-json\/wp\/v2\/pages\/1868\/revisions"}],"predecessor-version":[{"id":1869,"href":"https:\/\/cosmoguada.es\/en\/wp-json\/wp\/v2\/pages\/1868\/revisions\/1869"}],"wp:attachment":[{"href":"https:\/\/cosmoguada.es\/en\/wp-json\/wp\/v2\/media?parent=1868"}],"curies":[{"name":"wp","href":"https:\/\/api.w.org\/{rel}","templated":true}]}}

<p>Como la mayoría de nuestras actividades se celebran en Saelices de la Sal hemos pensado que te sería de utilidad tener este bloque en el que consultar la previsión meteorológica en nuestro municipio. Nos hemos decidido por el «seeing» (que traducido es «viendo»), un parámetro que utilizamos para las observaciones astronómicas. Viene a decirnos el [&hellip;]</p>

<!-- This site is optimized with the Yoast SEO plugin v26.8 - https://yoast.com/product/yoast-seo-wordpress/ -->
<title>El Tiempo en Saelices de la Sal - CosmoGuada</title>
<meta name="description" content="Consulta la previsión meteorológica para tu actividad: el tiempo en Saelices de la Sal" />
<meta name="robots" content="index, follow, max-snippet:-1, max-image-preview:large, max-video-preview:-1" />
<link rel="canonical" href="https://cosmoguada.es/en/el-tiempo-en-saelices-de-la-sal/" />
<meta property="og:locale" content="en_GB" />
<meta property="og:type" content="article" />
<meta property="og:title" content="El Tiempo en Saelices de la Sal - CosmoGuada" />
<meta property="og:description" content="Consulta la previsión meteorológica para tu actividad: el tiempo en Saelices de la Sal" />
<meta property="og:url" content="https://cosmoguada.es/en/el-tiempo-en-saelices-de-la-sal/" />
<meta property="og:site_name" content="CosmoGuada" />
<meta property="article:publisher" content="https://www.facebook.com/CosmoGuada/" />
<meta property="article:modified_time" content="2024-09-02T19:50:38+00:00" />
<meta name="twitter:card" content="summary_large_image" />
<meta name="twitter:label1" content="Estimated reading time" />
	<meta name="twitter:data1" content="1 minute" />
<script type="application/ld+json" class="yoast-schema-graph">{"@context":"https://schema.org","@graph":[{"@type":"WebPage","@id":"https://cosmoguada.es/en/el-tiempo-en-saelices-de-la-sal/","url":"https://cosmoguada.es/en/el-tiempo-en-saelices-de-la-sal/","name":"El Tiempo en Saelices de la Sal - CosmoGuada","isPartOf":{"@id":"https://cosmoguada.es/#website"},"datePublished":"2024-09-02T19:50:37+00:00","dateModified":"2024-09-02T19:50:38+00:00","description":"Consulta la previsión meteorológica para tu actividad: el tiempo en Saelices de la Sal","breadcrumb":{"@id":"https://cosmoguada.es/en/el-tiempo-en-saelices-de-la-sal/#breadcrumb"},"inLanguage":"en-GB","potentialAction":[{"@type":"ReadAction","target":["https://cosmoguada.es/en/el-tiempo-en-saelices-de-la-sal/"]}]},{"@type":"BreadcrumbList","@id":"https://cosmoguada.es/en/el-tiempo-en-saelices-de-la-sal/#breadcrumb","itemListElement":[{"@type":"ListItem","position":1,"name":"Portada","item":"https://cosmoguada.es/"},{"@type":"ListItem","position":2,"name":"El Tiempo en Saelices de la Sal"}]},{"@type":"WebSite","@id":"https://cosmoguada.es/#website","url":"https://cosmoguada.es/","name":"CosmoGuada","description":"Experiencias Astronómicas en Guadalajara","publisher":{"@id":"https://cosmoguada.es/#organization"},"potentialAction":[{"@type":"SearchAction","target":{"@type":"EntryPoint","urlTemplate":"https://cosmoguada.es/?s={search_term_string}"},"query-input":{"@type":"PropertyValueSpecification","valueRequired":true,"valueName":"search_term_string"}}],"inLanguage":"en-GB"},{"@type":"Organization","@id":"https://cosmoguada.es/#organization","name":"CosmoGuada","url":"https://cosmoguada.es/","logo":{"@type":"ImageObject","inLanguage":"en-GB","@id":"https://cosmoguada.es/#/schema/logo/image/","url":"https://cosmoguada.es/wp-content/uploads/2023/11/logo-cosmoguada-120x120-1.png","contentUrl":"https://cosmoguada.es/wp-content/uploads/2023/11/logo-cosmoguada-120x120-1.png","width":120,"height":120,"caption":"CosmoGuada"},"image":{"@id":"https://cosmoguada.es/#/schema/logo/image/"},"sameAs":["https://www.facebook.com/CosmoGuada/","https://www.instagram.com/cosmo.guada/"]}]}</script>
<!-- / Yoast SEO plugin. -->

Consulta la previsión meteorológica para tu actividad: el tiempo en Saelices de la Sal
